x + 448 + 626 = 0, v + 2*x = 549. Suppose -2*t + 59 = -v. Let r = t + -113. List the prime factors of r.
2, 47
List the prime factors of (8/(-6))/(20965664/1048287 - 20).
53, 347
Suppose 5*b + 8*o - 22 = 5*o, -5*b = -2*o - 2. Suppose 0 = -3*q + b*v + 767, -4*q + 2*v = 4*v - 1018. List the prime factors of q.
3, 5, 17
Let i(h) = -2*h**2 + 41*h + 155. Let t be ((-3)/4)/(117/(-3588)). What are the prime factors of i(t)?
2, 5
Suppose -192384 = -29*c + 900075. List the prime factors of c.
3, 29, 433
Suppose 4*a + 2*a = 12. Suppose -a*n = 4*s - 7*n - 12, -3 = -s - 2*n. Suppose 2*g + 161 = s*g + 4*d, 3*g + 4*d - 499 = 0. What are the prime factors of g?
13
Let p(v) be the third derivative of -v**3 - 1/5*v**6 - 1/30*v**5 - 1/8*v**4 + 21*v**2 + 0*v + 0. What are the prime factors of p(-2)?
2, 23
Let n = 1841 - -995. List the prime factors of n.
2, 709
What are the prime factors of 57393 - -18*45/54?
2, 3, 13, 23
Suppose 54966 = 3*d - 0*d + 2*u, -91596 = -5*d - u. What are the prime factors of d?
2, 3, 43, 71
Let o = 1983 + 12122. List the prime factors of o.
5, 7, 13, 31
Suppose -m = -5*v - 153, -10*v - 362 = -2*m - 14*v. Suppose -m*u + 166*u + 5516 = 0. List the prime factors of u.
2, 197
What are the prime factors of (-3512 - 133/(-19))*-11?
5, 11, 701
What are the prime factors of 15/(180/132) - -21347?
2, 59, 181
What are the prime factors of 12/(-8) + (-1060215)/(-130)?
2, 3, 151
Let c be (48/(-30) - -1)*-2010. Let d = c - 453. What are the prime factors of d?
3, 251
Let c = -8514 - -19795. List the prime factors of c.
29, 389
Suppose 8*l = 3*l. Suppose l = -3*f + 3*j + 12, -4*j = -f - 0*f + 10. List the prime factors of f/(5/((-150)/(-4))).
3, 5
Let t = -9091 + 20733. What are the prime factors of t?
2, 5821
Let p = -618 + 623. Suppose -p*d + 543 = -2462. List the prime factors of d.
601
Let s be (-1 + -5)/(2 + -10)*4. Let v be 28/4*-5*s. Let d = 107 + v. What are the prime factors of d?
2
Suppose 149*n - 31336 = 145*n. What are the prime factors of n?
2, 3917
Let w = 67 + 147. Let o = w - -69. List the prime factors of o.
283
List the prime factors of (-5 + (-27)/(-6))/(((-7)/(-95814))/(-7)).
3, 5323
Let g(p) = -p**2 + 11*p - 20. Let k be g(8). Suppose k*y + 3*v = 57, -5*y + 84 = 5*v + 9. Suppose o - 265 = -3*z, -5*o = 13 + y. List the prime factors of z.
2, 3, 5
Let r = -50 + 51. Let s(i) = 24*i**2 + 5*i - 5. Let x be s(r). Let y(v) = -v**3 + 23*v**2 + 24*v + 10. List the prime factors of y(x).
2, 5
Suppose -5*l + 12890 = -28*c + 23*c, 2*l - 3*c = 5158. List the prime factors of l.
2, 7, 23
Let a = 5086 - 2566. List the prime factors of a.
2, 3, 5, 7
Suppose -2*t - 17 = -21. Suppose -t*d + 17 = -13. Suppose -h - 2*g + d = -4*g, -3*h - 5*g = -89. List the prime factors of h.
23
Let u(q) be the first derivative of 17*q**2 - 221*q + 14. List the prime factors of u(18).
17, 23
Suppose -11*d = -2619 - 1605. Let g = -222 + d. What are the prime factors of g?
2, 3
Let t be 35/10*60/(-21). Let z(s) = s**3 + 9*s**2 - 23*s + 13. List the prime factors of z(t).
11, 13
Suppose -2*r = -5*n + 6202 + 33038, -5*n - r = -39225. List the prime factors of n.
2, 3923
Suppose 0 = -38*i + 4*i + 3356 + 58184. List the prime factors of i.
2, 5, 181
Suppose -1299 + 4187 = 2*y. Let w = y + -467. What are the prime factors of w?
977
Let t(u) = u**2 - u - 1. Let z(l) = -5 + l**2 + 2*l - 8*l + 2*l**2 + 0*l**2. Let f(a) = 4*t(a) - z(a). What are the prime factors of f(3)?
2
Suppose 4*i + 3*x = 56059, 15*i + x + 70050 = 20*i. List the prime factors of i.
14011
Suppose 3*f - 4*f + 4 = t, -6 = -2*f - t. Suppose f*o + 10 = 7*o. Suppose -7*d + 110 = -5*d - 4*u, 0 = d + o*u - 71. List the prime factors of d.
3, 7
Suppose -79*m + 81*m - 24 = 0. Suppose 5*s = -m*s + 23120. What are the prime factors of s?
2, 5, 17
Suppose -w = -4*w - 63. Let t = w + 22. List the prime factors of -6 - -3 - (-1 + t - 49).
2, 23
Let h(b) = -283*b - 943. List the prime factors of h(-48).
12641
Suppose 3*k - 3*z - 16 = -49, 2*k + 26 = 4*z. Let y(a) = -a**3 - 8*a**2 - 6*a + 39. List the prime factors of y(k).
2, 3, 29
Let r(v) = 6*v**3 + 10*v**2 + 56*v + 50. Let i(t) = -2*t**3 - 3*t**2 - 18*t - 17. Let b(p) = -16*i(p) - 5*r(p). What are the prime factors of b(5)?
2, 131
Suppose 10 = -15*y + 10*y. Let u be 4/8 + (-133)/y. Suppose 3*s + u = 451. What are the prime factors of s?
2
Suppose -22 = 4*w - 30. Let c(n) = 46*n - 20*n + 40*n - w. List the prime factors of c(1).
2
Let b = -15 - -21. Suppose b*z - 2*z = -20, 3*f - 1345 = 5*z. Suppose -m - 2*n = -112, 5*m - m + 4*n = f. List the prime factors of m.
2, 3
Suppose 0 = -22*r + 164806 + 489210. What are the prime factors of r?
2, 929
Let r = 48109 + 9165. What are the prime factors of r?
2, 7, 4091
Suppose -4*h = 75 - 19. Let a = 1 - h. List the prime factors of a.
3, 5
Let c be 38 - (4 - 24/4). Suppose -32*d + c*d = 6696. What are the prime factors of d?
3, 31
Let c = 12201 + -5881. List the prime factors of c.
2, 5, 79
Let t be ((-45)/(-60))/(1/4). Suppose l = -5*m + 303, -4*m = t*l - 67 - 798. What are the prime factors of l?
283
Suppose 8*t - 4*t + 297 = 5*q, -4*t - 5*q - 287 = 0. Let h = t - -314. List the prime factors of h.
241
Let d = -32 + 5. Let w = d - -27. Suppose w = 2*p - 5*p + 213. What are the prime factors of p?
71
Let q = 8317 - -1653. What are the prime factors of q?
2, 5, 997
Let g = -840 + 846. Suppose n + 4*m - 1679 = 0, 3*n - 9*m + g*m - 4977 = 0. List the prime factors of n.
1663
What are the prime factors of -5 - -10 - (-11026 + -18)?
3, 29, 127
Let f(b) = 1933*b - 340. List the prime factors of f(2).
2, 41, 43
Suppose 0 = 2*p - 4*o + 4 + 18, -2*o + 15 = -5*p. Let d = 7 + p. Suppose -2*b = -d*b + 344. What are the prime factors of b?
2, 43
Let f = 53 - 33. Suppose 0 = -l + i - 2*i + 33, -5*l + 150 = 2*i. Suppose -f*d + 24*d = l. List the prime factors of d.
7
Suppose -25 = -5*a, -12*a = -4*u - 10*a - 2218. Let p = 812 + u. List the prime factors of p.
2, 5, 13
Suppose -2548*g + 413792 = -2532*g. What are the prime factors of g?
2, 67, 193
Suppose 112*i - 145227 - 633509 = 0. List the prime factors of i.
17, 409
Suppose 4*b - t = -614, 221 = -b + 5*t + 77. Let r = -101 - b. Suppose -2*a = -2*h + 3*h - 23, -3*h + r = -2*a. List the prime factors of h.
19
Suppose -15*t + 18*t = 6, 3*b = 3*t + 3855. What are the prime factors of b?
3, 11, 13
Let s be -1555*((-4)/(-10))/((-8)/12). Suppose 0 = 4*f + 117 - s. Suppose 122 = r + 5*h, r - 2*h + 47 - f = 0. List the prime factors of r.
3, 7
Suppose -86*n + 9991560 = 34*n. List the prime factors of n.
53, 1571
Let q(c) = -c**3 - 2*c**2 + 8*c + 9. Let s be q(-4). Let i(b) = 5*b + s*b - 3 - 5 + 25 + b**2. List the prime factors of i(-18).
89
Let r(o) be the first derivative of -9*o**3 + 19*o**2/2 - 29*o - 38. Let h(j) be the first derivative of r(j). List the prime factors of h(-2).
127
Suppose 219670 = 755*k - 700*k. What are the prime factors of k?
2, 1997
Let s(a) = 51*a**2 - 236*a - 4. What are the prime factors of s(26)?
2, 7, 11, 23
Suppose -1209*a + 114449 = -1189*a - 285071. List the prime factors of a.
2, 11, 227
Suppose 7*j - 5*w - 37 = 4*j, -4*j + 3*w + 42 = 0. Suppose 547 = j*q - 3872. Suppose -4*v - 131 = -q. List the prime factors of v.
2, 3, 5
Let w = -4176 + 11931. What are the prime factors of w?
3, 5, 11, 47
Suppose -3*r = -0*r - 6. Suppose 3*w - r*q = -6*q - 32, 4*w - 3*q + 1 = 0. What are the prime factors of (-24)/(-5)*(-10)/w?
2, 3
Suppose -7*a = -75 + 19. Suppose -200 = -a*d - 680. Let s = d + 114. List the prime factors of s.
2, 3
Suppose -310 = -4*u + 14*u. Let a = -25 - u. Suppose c = -b + 195, 2*b - 376 = a*c - c. List the prime factors of b.
193
Suppose -7*x + 2*h - 40 = -2*x, -h + 5 = 0. Let a(n) = n**2 + 3*n - 18. Let i be a(3). What are the prime factors of (i + (-8)/x)/(8/1032)?
2, 43
List the prime factors of 14 - (0 + -20 - 24474).
2, 11, 557
Suppose -6*k - 21990 = 2*t - 230184, 4*t = 0. What are the prime factors of k?
7, 4957
Let o be 32020/70 - 4/(-7). Suppose o = 2*g - 310. What are the prime factors of g?
2, 3
Suppose -12*v = 4 - 4. Suppose -4*y = c + c - 1680, 5*c + 5*y - 4210 = v. What are the prime factors of c?
2, 211
Let a(w) = 19*w**2 + 12*w - 30. Suppose 0 = -36*l + 31*l + 20. What are the prime factors of a(l)?
2, 7, 23
Let p(s) = 1 + 1 - 5*s +